((-220)/(-15))/(1/(-3)). Let d be (-501)/2*(-4)/6. Let q = d + s. Is q prime?
False
Let w(t) = 86*t**2 - 4*t - 4. Let u be w(-1). Suppose -5*d + 165 = -4*d. Let a = d - u. Is a composite?
False
Let u(b) = 2*b**3 + 3*b**2 + 2*b + 3. Let h be u(-2). Let f be (-17)/h - (-4)/(-10). Suppose 0 = -3*c + 9, 0 = -t - f*c - c + 77. Is t composite?
True
Suppose -153 = -5*r + 162. Let k = 70 - r. Is k composite?
False
Let m = 34 + -32. Is 2 + (m - -536 - -1) prime?
True
Let g(k) = k. Let y(j) = 36*j + 3. Let q(z) = 2*g(z) + y(z). Let n be (-1)/4 + ((-88)/32 - -5). Is q(n) a prime number?
True
Suppose -3*b + 23 = -6*t + 2*t, 4*b - 32 = 4*t. Let u = b + -6. Suppose y + 0*n - 131 = 4*n, 12 = -u*n. Is y a prime number?
False
Let o = 86 - 86. Is (-20938)/(-18) + (-10)/45 - o a prime number?
True
Suppose 7*t = 71 + 125. Is (26/(-12)*t)/(4/(-6)) prime?
False
Suppose 0 = t + 5*d - 3847, -2*t - d + 19307 = 3*t. Is t prime?
False
Let c(x) = x**2 - x + 3. Suppose 0 = -2*d + 2 + 2. Let l be c(d). Suppose -2*h = -l*m + 691, 621 - 61 = 4*m + 2*h. Is m prime?
True
Let b(v) = 2*v**2 - 3*v + 2. Let x(y) = -y - 4. Let n be x(-9). Suppose k + n*s = -34, 2*k + s + 5 + 18 = 0. Is b(k) a composite number?
False
Let o(f) be the first derivative of 40*f**3/3 + f**2 - f + 2. Is o(3) a composite number?
True
Let t(j) = 4*j**2 - 2*j**3 + 5*j**2 + 5 + 6*j**3 - 15*j**2. Is t(5) a prime number?
False
Let l = -47 + 42. Is (1995/(-10) + l)*(-1 - 1) a composite number?
False
Suppose -5*i - 611 = 2179. Is (i/(-27))/((-4)/(-66)) a prime number?
False
Suppose 0 = -j + 2*h + 3*h + 2932, 5*j + h = 14686. Suppose 702 + 277 = o - 5*z, -3*o - 3*z + j = 0. Is o prime?
False
Let m(l) = -l**2 + 14*l - 12. Let i be m(13). Let p be 1 - (i - (8 - 3)). Suppose -786 = -p*j - z + 4*z, j - 144 = 5*z. Is j composite?
True
Suppose -4*f - f + 50 = 0. Let v(b) be the second derivative of -b**5/20 + b**4 + 13*b**3/6 - 13*b**2/2 - 4*b. Is v(f) composite?
False
Let m(x) = 2*x**3 + 6*x**2 - 13*x - 3. Let c be m(11). Suppose -4*o + 6*o = c. Is o prime?
True
Let p be (-185)/(-15) + (-1)/3. Suppose w = -3*w + p. Suppose 0*a + w*a = 897. Is a prime?
False
Let h = 29253 + -14544. Is h a prime number?
False
Let x = 1 - -6. Let z(g) = g**3 - 2*g**3 - 10 + 8*g**2 + 2*g - g**2 + g**2. Is z(x) prime?
True
Suppose 6*t + 4*p = 2*t - 12, 2*p - 34 = 3*t. Let o(w) = -7*w - 5. Is o(t) a prime number?
False
Is ((-6)/(-8) + -1)*(-10828 + 0) composite?
False
Let s = -27 - -32. Suppose -3*j = -g + 638, -5*g + 3120 = -s*j + 4*j. Is g a composite number?
True
Let i(t) = -9 + 0 + t + t. Let x be i(6). Is ((-1)/x)/(1/(-393)) prime?
True
Let h = 17464 + -11141. Is h composite?
False
Let d(j) = -1587*j - 278. Is d(-7) a composite number?
False
Let h(v) = 447*v**2 + 24*v + 113. Is h(-4) a prime number?
False
Let w(b) = b**2 + 3. Let s be w(-2). Suppose -s = -4*l + 13, -2*d + 2*l = 0. Suppose -3 = -0*i - 3*i, d*p = 3*i + 892. Is p prime?
True
Let p = 2 + 4. Suppose -p*f = -10*f + 12. Suppose f*a - 64 = -7. Is a composite?
False
Let b = -30 - -32. Is 1829 - (9 + -9)/(-1*b) composite?
True
Let c = -15 + 20. Suppose -v + 5*j = -1, 5*v = -c*j - 28 + 3. Is (-1 + v/(-3))*2103 a prime number?
True
Let k(h) = h - 21. Let n be k(7). Is 1 + 0 - 4*n composite?
True
Suppose -2*a + 3*m + 213 + 640 = 0, 25 = 5*m. Let n = 355 + -640. Let d = n + a. Is d a prime number?
True
Let q(g) = 5*g**3 + 3*g**2 - 2*g - 2. Let l be q(3). Suppose -4*h = -2*d + l, 0 = 2*d + h - 35 - 94. Is d prime?
True
Let s(x) = 240*x - 1. Let w be 0 + 1*(1 + 1). Is s(w) a composite number?
False
Suppose 6*r + 32965 = 11*r. Is r composite?
True
Let p(k) = -k**2 + 11*k + 17. Let y be p(12). Suppose l + 5*t - 132 - 59 = 0, 3*l - 653 = y*t. Is l prime?
True
Suppose -16169 = -16*i + 136359. Is i prime?
True
Suppose 5*w - 1 = -51. Let c = w + 13. Suppose q = -o + 22, c*q = 7*q + o - 88. Is q composite?
True
Let h be ((-10)/4)/(0 - (-1)/6). Is -409*(6/(-10) + 6/h) composite?
False
Let g(r) = 1409*r + 12. Is g(5) prime?
True
Let u = 24 - 24. Is (-6 + 7)*(390 + 1 + u) composite?
True
Suppose 0*c + c - 29 = 0. Let w = 3 - 0. Suppose -c = w*d - 140. Is d prime?
True
Is (35944 + -7)/9 - (-1 + 5) a composite number?
False
Suppose 10624 = 25*b - 50551. Is b a prime number?
True
Let i be (-14)/7*12/(-8). Is 1733/(-2)*(1 - i) composite?
False
Suppose -3*i + 51529 + 1899 = 5*s, -s + 3*i + 10700 = 0. Suppose -3*f + f - 2*l + 7132 = 0, 3*f + 5*l = s. Is f a composite number?
False
Let h = -8334 + 21532. Is h prime?
False
Suppose 5 = l, -5325 = -4*o - 0*o - l. Suppose -6*m + 2*m = -2*k - o, -5*m + 3*k + 1664 = 0. Is m composite?
False
Suppose -4*q - 4 = -3*u, -2*u + 5*u = 0. Let k(c) = -316*c + 3. Is k(q) a prime number?
False
Let r be (1/(-2))/(1/2). Let m be 10*(2/5)/r. Is (-2)/m - (-75)/2 prime?
False
Let j = -53 - -58. Suppose 0 = -5*n - 2*t + 1653, -t = -n - j*t + 345. Is n prime?
False
Let k(l) = -l**3 + 3*l**2 - 2*l - 1. Let m be k(2). Let u be (m/3)/((-2)/6). Is 74 + 0/u - -3 a composite number?
True
Let w(i) = 2705*i**3 - 2*i**2 + 1. Let x be w(1). Let s be x/30 + 2/(-15). Suppose -s = -h - 21. Is h a prime number?
False
Suppose 0 = -11*x - 23 + 89. Suppose -x*v + 8920 = -9074. Is v a composite number?
False
Is 2/(-8) - 414882/(-104) composite?
False
Suppose -115 = 2*y - x, -5*y - 4*x - 178 = -2*y. Let z = y - -269. Is z a prime number?
True
Let h = 4806 + 2141. Is h a prime number?
True
Suppose 3*p - 63 = -1560. Let i = 1178 + p. Is i prime?
False
Let d = 2474 + -891. Is d a prime number?
True
Let p be (1391715/21)/3 + 2/7. Suppose -2*k - p = -5*n, -2*n - k + 5*k = -8846. Is n a prime number?
False
Let q be 15 - (-4)/(-4 + 0). Suppose 0 = q*t - 13*t + 20. Is t*(-1)/(3 + -1) a composite number?
True
Suppose 2*d + d - 9 = 0. Let c(t) = -1 - 5 + d - 5*t + 1. Is c(-5) a prime number?
True
Suppose 7*p + 4*v = 6*p - 14, 5*p = -3*v - 2. Suppose -783 = -p*w + 7315. Is w prime?
True
Let x(b) = 0 + 1 - 14 - 6 + 8*b**2 - 3*b. Is x(6) a composite number?
False
Let p(z) = 6681*z - 9. Let w be p(-3). Is w/(-45) + 2/5 a composite number?
True
Let b = 3224 - 1785. Is b a composite number?
False
Let f(o) = -2*o**3 + 2*o**2 - 3*o + 6. Let u be (-10)/(2 - 0/1). Is f(u) prime?
False
Let x(y) = y - 2. Let t be x(4). Suppose t*z = -2*z. Suppose -k + 3*j = -107, k - 3*j + 6*j - 119 = z. Is k composite?
False
Suppose 6*w + 11 = 5*w. Let q = w - -16. Suppose 2*d - 1305 = -q*r, 0*r = -2*r + d + 531. Is r prime?
True
Let k be -4*((6/3)/(-4) - -1). Is (1757/(-7))/(1 + k) prime?
True
Let n(l) = 422*l**2 + 10*l - 15. Is n(2) composite?
False
Let n be (-28)/(-6) + 34/(-51). Suppose n*h + 2033 = 7*h - k, 5*h = -k + 3383. Is h prime?
True
Let p = 257 - 142. Suppose -4*b = b - p. Is b composite?
False
Suppose -4*j - 5*d - 2040 = 1059, 4*j - 2*d = -3134. Let x = -402 - j. Is x a composite number?
False
Let z be (-1)/(-8) - ((-3399)/(-24))/(-11). Suppose -561 = 10*m - z*m. Is m a prime number?
False
Let f be 2*(-1 - 7/(-2)). Suppose 10*p = -642 + 3122. Suppose f*c = c + p. Is c a prime number?
False
Let f be 36996/16 - 1/4. Is (-18)/(-117) - f/(-13) prime?
False
Suppose -47247 = -8*z + 39497. Is z prime?
False
Suppose 374*d = 378*d - 116468. Is d a prime number?
False
Suppose 6*n = 2*n + 100. Suppose 0 = 2*f + 3*f - n. Suppose -2*t = 4*i - 2682, i - 389 - 309 = f*t. Is i a prime number?
True
Is -2 + (-5 - -3) - (-51471)/3 a composite number?
True
Let w = -162 - -166. Suppose w*c + 2 = -18, p - 306 = -5*c. Is p a prime number?
True
Let f = -1101 - -1847. Suppose -8 = -4*j, 2*a = 4*j - 3 + 1. Suppose 0 = -a*g + 5*g - f. Is g a prime number?
True
Let b(d) = d**3 - 6*d**2 - 8*d + 4. Let k be b(7). Is 1506/9*k/(-2) a composite number?
False
Is (-7102)/(-8)*(102 + -98) a prime number?
False
Let y = 1519 + 5550. Is y a composite number?
False
Suppose 3*f = -228 + 903. Suppose u = 860 - f. Is u a prime number?
False
Suppose 0 = -0*p + 4*p - 20, -56220 = -3*s - 3*p. Suppose 24*m = 9*m + s. Is m a composite number?
False
Let h = -1329 - -2866. Is h composite?
True
Let j = -78 + 89. Suppose -3*c + j = -1, -4099 = -3*f - 4*c. Is f composite?
False
Let r(j) = 5*j - 11. Let v be r(11). Let l = v - 64. Is (-4)/(l/1295) - -4 a prime number?
True
Suppose 3670919 = 12*u + 49*u. Is u prime?
False
Suppose -3*t = q - 3604, q = -3*q + 5*t + 144